{"id":766,"date":"2022-01-28T11:22:44","date_gmt":"2022-01-28T10:22:44","guid":{"rendered":"https:\/\/didierleprof.com\/?page_id=766"},"modified":"2022-03-04T19:02:57","modified_gmt":"2022-03-04T18:02:57","slug":"le-symbole-la-newsletter","status":"publish","type":"page","link":"https:\/\/didierleprof.com\/?page_id=766","title":{"rendered":"Le SYMBOLE (la newsletter)"},"content":{"rendered":"\n<div class=\"wp-block-columns is-layout-flex wp-container-core-columns-is-layout-9d6595d7 wp-block-columns-is-layout-flex\">\n<div class=\"wp-block-column is-layout-flow wp-block-column-is-layout-flow\" style=\"flex-basis:100%\">\n<div class=\"wp-block-query is-layout-flow wp-block-query-is-layout-flow\"><ul class=\"wp-block-post-template is-layout-flow wp-block-post-template-is-layout-flow\"><li class=\"wp-block-post post-809 post type-post status-publish format-standard hentry category-le-symbole\">\n<h2 class=\"wp-block-post-title has-text-color has-white-color has-background has-vivid-red-background-color\"><a href=\"https:\/\/didierleprof.com\/?p=809\" target=\"_self\" >Le Symbole 2 \/ f\u00e9vrier 2022<\/a><\/h2>\n\n<div class=\"wp-block-post-date has-text-color has-white-color has-background has-vivid-red-background-color\"><time datetime=\"2022-03-04T18:44:08+01:00\">4 March 2022<\/time><\/div>\n<\/li><li class=\"wp-block-post post-778 post type-post status-publish format-standard hentry category-le-symbole tag-didierleprof tag-lesymbole tag-philosophie\">\n<h2 class=\"wp-block-post-title has-text-color has-white-color has-background has-vivid-red-background-color\"><a href=\"https:\/\/didierleprof.com\/?p=778\" target=\"_self\" >Le Symbole 1 \/ janvier 2022<\/a><\/h2>\n\n<div class=\"wp-block-post-date has-text-color has-white-color has-background has-vivid-red-background-color\"><time datetime=\"2022-01-28T11:08:32+01:00\">28 January 2022<\/time><\/div>\n<\/li><\/ul>\n\n<\/div>\n<\/div>\n<\/div>\n\n\n<script>(function() {\n\twindow.mc4wp = window.mc4wp || {\n\t\tlisteners: [],\n\t\tforms: {\n\t\t\ton: function(evt, cb) {\n\t\t\t\twindow.mc4wp.listeners.push(\n\t\t\t\t\t{\n\t\t\t\t\t\tevent   : evt,\n\t\t\t\t\t\tcallback: cb\n\t\t\t\t\t}\n\t\t\t\t);\n\t\t\t}\n\t\t}\n\t}\n})();\n<\/script><!-- Mailchimp for WordPress v4.12.2 - https:\/\/wordpress.org\/plugins\/mailchimp-for-wp\/ --><form id=\"mc4wp-form-1\" class=\"mc4wp-form mc4wp-form-217\" method=\"post\" data-id=\"217\" data-name=\"Pour \u00eatre inform\u00e9 abonnez-vous \u00e0 notre newsletter\" ><div class=\"mc4wp-form-fields\"><p>\r\n    <label>Nom<\/label>\r\n    <input type=\"text\" name=\"FNAME\">\r\n<\/p>\r\n<p>\r\n    <label>Pr\u00e9nom<\/label>\r\n    <input type=\"text\" name=\"LNAME\">\r\n<\/p>\r\n<p>\r\n    <label>Email<\/label>\r\n    <input type=\"email\" name=\"EMAIL\" required=\"\">\r\n<p>\r\n    <input type=\"submit\" value=\"Abonnez-vous\"><\/div><label style=\"display: none !important;\">Leave this field empty if you&#8217;re human: <input type=\"text\" name=\"_mc4wp_honeypot\" value=\"\" tabindex=\"-1\" autocomplete=\"off\" \/><\/label><input type=\"hidden\" name=\"_mc4wp_timestamp\" value=\"1777382520\" \/><input type=\"hidden\" name=\"_mc4wp_form_id\" value=\"217\" \/><input type=\"hidden\" name=\"_mc4wp_form_element_id\" value=\"mc4wp-form-1\" \/><div class=\"mc4wp-response\"><\/div><\/form><!-- \/ Mailchimp for WordPress Plugin -->","protected":false},"excerpt":{"rendered":"","protected":false},"author":1,"featured_media":0,"parent":0,"menu_order":0,"comment_status":"closed","ping_status":"closed","template":"","meta":{"om_disable_all_campaigns":false,"_monsterinsights_skip_tracking":false,"_monsterinsights_sitenote_active":false,"_monsterinsights_sitenote_note":"","_monsterinsights_sitenote_category":0,"footnotes":""},"class_list":["post-766","page","type-page","status-publish","hentry"],"aioseo_notices":[],"jetpack_sharing_enabled":true,"jetpack_likes_enabled":true,"jetpack_shortlink":"https:\/\/wp.me\/PdsdKK-cm","_links":{"self":[{"href":"https:\/\/didierleprof.com\/index.php?rest_route=\/wp\/v2\/pages\/766","targetHints":{"allow":["GET"]}}],"collection":[{"href":"https:\/\/didierleprof.com\/index.php?rest_route=\/wp\/v2\/pages"}],"about":[{"href":"https:\/\/didierleprof.com\/index.php?rest_route=\/wp\/v2\/types\/page"}],"author":[{"embeddable":true,"href":"https:\/\/didierleprof.com\/index.php?rest_route=\/wp\/v2\/users\/1"}],"replies":[{"embeddable":true,"href":"https:\/\/didierleprof.com\/index.php?rest_route=%2Fwp%2Fv2%2Fcomments&post=766"}],"version-history":[{"count":9,"href":"https:\/\/didierleprof.com\/index.php?rest_route=\/wp\/v2\/pages\/766\/revisions"}],"predecessor-version":[{"id":817,"href":"https:\/\/didierleprof.com\/index.php?rest_route=\/wp\/v2\/pages\/766\/revisions\/817"}],"wp:attachment":[{"href":"https:\/\/didierleprof.com\/index.php?rest_route=%2Fwp%2Fv2%2Fmedia&parent=766"}],"curies":[{"name":"wp","href":"https:\/\/api.w.org\/{rel}","templated":true}]}}