{"id":54,"date":"2021-10-15T14:32:33","date_gmt":"2021-10-15T12:32:33","guid":{"rendered":"https:\/\/didierleprof.com\/?page_id=54"},"modified":"2021-12-22T21:09:47","modified_gmt":"2021-12-22T20:09:47","slug":"les-concepts","status":"publish","type":"page","link":"https:\/\/didierleprof.com\/?page_id=54","title":{"rendered":"Les concepts"},"content":{"rendered":"\n<figure class=\"wp-block-pullquote\"><blockquote><p>&#8220;J&#8217;appelle pens\u00e9e un discours que l&#8217;\u00e2me se tient \u00e0 elle-m\u00eame&#8221; <\/p><cite>Platon &#8211; <em>Th\u00e9\u00e9t\u00e8te<\/em>&nbsp;(368 av. J.-C.)&nbsp;<\/cite><\/blockquote><\/figure>\n\n\n\n<p>La v\u00e9rit\u00e9 ne se pense qu&#8217;\u00e0 travers les mots. Mais alors la valeur des mots, leur sens, deviennent essentiels. Philosopher c&#8217;est d&#8217;abord construire des concepts pour pouvoir penser le monde. Les concepts sont des outils intellectuels qui permettent de mieux comprendre les choses, de mieux les voir. Il ne s&#8217;agit pas de figer le sens des mots et par l\u00e0 m\u00eame le sens du monde mais au contraire de montrer la difficult\u00e9 de d\u00e9finir un concept et la n\u00e9cessit\u00e9 de les distinguer les uns des autres. Confondre les concepts, c&#8217;est rendre confuse la r\u00e9alit\u00e9.<\/p>\n\n\n\n<figure class=\"wp-block-pullquote\"><blockquote><p>&#8220;Mal nommer les choses c&#8217;est ajouter au malheur du monde&#8221;<\/p><cite>Albert Camus<\/cite><\/blockquote><\/figure>\n\n\n\n<h1 class=\"has-white-color has-black-background-color has-text-color has-background wp-block-heading\">Les concepts<\/h1>\n\n\n\n<div class=\"wp-block-query is-layout-flow wp-block-query-is-layout-flow\"><ul class=\"is-flex-container columns-3 wp-block-post-template is-layout-flow wp-block-post-template-is-layout-flow\"><li class=\"wp-block-post post-167 post type-post status-publish format-standard hentry category-les-concepts tag-alain tag-bachelard tag-croyance tag-opinion tag-penser tag-verite\">\n<h2 class=\"wp-block-post-title\"><a href=\"https:\/\/didierleprof.com\/?p=167\" target=\"_self\" >L&#8217;opinion<\/a><\/h2>\n\n\n\n<div class=\"wp-block-post-excerpt\"><p class=\"wp-block-post-excerpt__excerpt\"> <\/p><\/div>\n\n\n<hr class=\"wp-block-separator\"\/>\n\n\n<div class=\"wp-block-post-date\"><time datetime=\"2021-10-17T15:50:17+02:00\">17 October 2021<\/time><\/div>\n<\/li><li class=\"wp-block-post post-142 post type-post status-publish format-standard hentry category-les-concepts tag-colere tag-paradoxe tag-sagesse\">\n<h2 class=\"wp-block-post-title\"><a href=\"https:\/\/didierleprof.com\/?p=142\" target=\"_self\" >La col\u00e8re<\/a><\/h2>\n\n\n\n<div class=\"wp-block-post-excerpt\"><p class=\"wp-block-post-excerpt__excerpt\"> <\/p><\/div>\n\n\n<hr class=\"wp-block-separator\"\/>\n\n\n<div class=\"wp-block-post-date\"><time datetime=\"2021-10-17T13:14:23+02:00\">17 October 2021<\/time><\/div>\n<\/li><\/ul><\/div>\n","protected":false},"excerpt":{"rendered":"<p>&#8220;J&#8217;appelle pens\u00e9e un discours que l&#8217;\u00e2me se tient \u00e0 elle-m\u00eame&#8221; Platon &#8211; Th\u00e9\u00e9t\u00e8te&nbsp;(368 av. J.-C.)&nbsp; La v\u00e9rit\u00e9 ne se pense qu&#8217;\u00e0 travers les mots. Mais alors la valeur des mots, [&hellip;]<\/p>\n","protected":false},"author":1,"featured_media":0,"parent":0,"menu_order":0,"comment_status":"closed","ping_status":"closed","template":"","meta":{"om_disable_all_campaigns":false,"_monsterinsights_skip_tracking":false,"_monsterinsights_sitenote_active":false,"_monsterinsights_sitenote_note":"","_monsterinsights_sitenote_category":0,"footnotes":""},"class_list":["post-54","page","type-page","status-publish","hentry"],"aioseo_notices":[],"jetpack_sharing_enabled":true,"jetpack_likes_enabled":true,"jetpack_shortlink":"https:\/\/wp.me\/PdsdKK-S","_links":{"self":[{"href":"https:\/\/didierleprof.com\/index.php?rest_route=\/wp\/v2\/pages\/54","targetHints":{"allow":["GET"]}}],"collection":[{"href":"https:\/\/didierleprof.com\/index.php?rest_route=\/wp\/v2\/pages"}],"about":[{"href":"https:\/\/didierleprof.com\/index.php?rest_route=\/wp\/v2\/types\/page"}],"author":[{"embeddable":true,"href":"https:\/\/didierleprof.com\/index.php?rest_route=\/wp\/v2\/users\/1"}],"replies":[{"embeddable":true,"href":"https:\/\/didierleprof.com\/index.php?rest_route=%2Fwp%2Fv2%2Fcomments&post=54"}],"version-history":[{"count":8,"href":"https:\/\/didierleprof.com\/index.php?rest_route=\/wp\/v2\/pages\/54\/revisions"}],"predecessor-version":[{"id":684,"href":"https:\/\/didierleprof.com\/index.php?rest_route=\/wp\/v2\/pages\/54\/revisions\/684"}],"wp:attachment":[{"href":"https:\/\/didierleprof.com\/index.php?rest_route=%2Fwp%2Fv2%2Fmedia&parent=54"}],"curies":[{"name":"wp","href":"https:\/\/api.w.org\/{rel}","templated":true}]}}

<figure class="wp-block-pullquote"><blockquote><p>&#8220;J&#8217;appelle pensée un discours que l&#8217;âme se tient à elle-même&#8221; </p><cite>Platon &#8211; <em>Théétète</em>&nbsp;(368 av. J.-C.)&nbsp;</cite></blockquote></figure>



<p>La vérité ne se pense qu&#8217;à travers les mots. Mais alors la valeur des mots, leur sens, deviennent essentiels. Philosopher c&#8217;est d&#8217;abord construire des concepts pour pouvoir penser le monde. Les concepts sont des outils intellectuels qui permettent de mieux comprendre les choses, de mieux les voir. Il ne s&#8217;agit pas de figer le sens des mots et par là même le sens du monde mais au contraire de montrer la difficulté de définir un concept et la nécessité de les distinguer les uns des autres. Confondre les concepts, c&#8217;est rendre confuse la réalité.</p>



<figure class="wp-block-pullquote"><blockquote><p>&#8220;Mal nommer les choses c&#8217;est ajouter au malheur du monde&#8221;</p><cite>Albert Camus</cite></blockquote></figure>



<h1 class="has-white-color has-black-background-color has-text-color has-background wp-block-heading">Les concepts</h1>



<div class="wp-block-query is-layout-flow wp-block-query-is-layout-flow"><ul class="is-flex-container columns-3 wp-block-post-template is-layout-flow wp-block-post-template-is-layout-flow"><li class="wp-block-post post-167 post type-post status-publish format-standard hentry category-les-concepts tag-alain tag-bachelard tag-croyance tag-opinion tag-penser tag-verite">
<h2 class="wp-block-post-title"><a href="https://didierleprof.com/?p=167" target="_self" >L&#8217;opinion</a></h2>



<div class="wp-block-post-excerpt"><p class="wp-block-post-excerpt__excerpt"> </p></div>


<hr class="wp-block-separator"/>


<div class="wp-block-post-date"><time datetime="2021-10-17T15:50:17+02:00">17 October 2021</time></div>
</li><li class="wp-block-post post-142 post type-post status-publish format-standard hentry category-les-concepts tag-colere tag-paradoxe tag-sagesse">
<h2 class="wp-block-post-title"><a href="https://didierleprof.com/?p=142" target="_self" >La colère</a></h2>



<div class="wp-block-post-excerpt"><p class="wp-block-post-excerpt__excerpt"> </p></div>


<hr class="wp-block-separator"/>


<div class="wp-block-post-date"><time datetime="2021-10-17T13:14:23+02:00">17 October 2021</time></div>
</li></ul></div>

<p>&#8220;J&#8217;appelle pensée un discours que l&#8217;âme se tient à elle-même&#8221; Platon &#8211; Théétète&nbsp;(368 av. J.-C.)&nbsp; La vérité ne se pense qu&#8217;à travers les mots. Mais alors la valeur des mots, [&hellip;]</p>
