{"id":506,"date":"2021-11-30T13:29:35","date_gmt":"2021-11-30T12:29:35","guid":{"rendered":"https:\/\/didierleprof.com\/?page_id=506"},"modified":"2022-03-30T11:34:40","modified_gmt":"2022-03-30T09:34:40","slug":"actualite-critique","status":"publish","type":"page","link":"https:\/\/didierleprof.com\/?page_id=506","title":{"rendered":"Actualit\u00e9 critique"},"content":{"rendered":"\n<blockquote class=\"wp-block-quote is-style-large is-layout-flow wp-block-quote-is-layout-flow\"><p>Analyser les faits qui animent l&#8217;actualit\u00e9, s&#8217;\u00e9tonner de la vie quotidienne, questionner le monde qui nous entoure, la philosophie peut-elle nous \u00eatre utile \u00e0 la vie ?<\/p><\/blockquote>\n\n\n\n<div class=\"wp-block-query is-layout-flow wp-block-query-is-layout-flow\"><ul class=\"wp-block-post-template is-layout-flow wp-block-post-template-is-layout-flow\"><li class=\"wp-block-post post-857 post type-post status-publish format-standard hentry category-actualite-critique tag-emploi tag-loisirs tag-philosophie tag-retraites tag-travail\">\n<h2 class=\"wp-block-post-title\"><a href=\"https:\/\/didierleprof.com\/?p=857\" target=\"_self\" >La question des retraites n&#8217;est-elle pas celle du travail ?<\/a><\/h2>\n\n\n\n<div class=\"wp-block-post-excerpt has-background has-cyan-bluish-gray-background-color\"><p class=\"wp-block-post-excerpt__excerpt\">On dit tout et son contraire sur les retraites. Mais on dit, aussi, tout et son contraire sur le travail. La r\u00e9forme qui s&#8217;annonce est l&#8217;occasion de r\u00e9fl\u00e9chir sur la [&hellip;] <\/p><\/div>\n\n\n<hr class=\"wp-block-separator\"\/>\n\n\n<div class=\"wp-block-post-date\"><time datetime=\"2023-01-31T17:52:52+01:00\">31 January 2023<\/time><\/div>\n<\/li><li class=\"wp-block-post post-845 post type-post status-publish format-standard hentry category-actualite-critique tag-dialogue tag-didierleprof tag-folie tag-philosophie\">\n<h2 class=\"wp-block-post-title\"><a href=\"https:\/\/didierleprof.com\/?p=845\" target=\"_self\" >Extraire la folie de l&#8217;autre ?<\/a><\/h2>\n\n\n\n<div class=\"wp-block-post-excerpt has-background has-cyan-bluish-gray-background-color\"><p class=\"wp-block-post-excerpt__excerpt\">Nos soci\u00e9t\u00e9s se psychologisent de plus en plus. Partout, il s&#8217;agit de transf\u00e9rer ce qui devrait \u00eatre du ressort de l&#8217;action collective, politique, sociale, morale, vers un rapport \u00e0 soi-m\u00eame, [&hellip;] <\/p><\/div>\n\n\n<hr class=\"wp-block-separator\"\/>\n\n\n<div class=\"wp-block-post-date\"><time datetime=\"2022-03-30T11:30:09+02:00\">30 March 2022<\/time><\/div>\n<\/li><li class=\"wp-block-post post-801 post type-post status-publish format-standard hentry category-actualite-critique tag-dignite tag-guerre tag-humanite tag-paix\">\n<h2 class=\"wp-block-post-title\"><a href=\"https:\/\/didierleprof.com\/?p=801\" target=\"_self\" >Peut-on penser la guerre ?<\/a><\/h2>\n\n\n\n<div class=\"wp-block-post-excerpt has-background has-cyan-bluish-gray-background-color\"><p class=\"wp-block-post-excerpt__excerpt\">Dire des banalit\u00e9s sur la guerre est assez facile.\u00a0Mais y penser vraiment, est-ce possible\u00a0?\u00a0Il est de bon ton de l&#8217;opposer \u00e0 la paix et de consid\u00e9rer que si la guerre est la pire des choses, la paix serait la meilleure. Ainsi donc, il faudrait vouloir la paix \u00e0 tout prix. Mais peut-on vouloir la paix&hellip; <\/p><\/div>\n\n\n<hr class=\"wp-block-separator\"\/>\n\n\n<div class=\"wp-block-post-date\"><time datetime=\"2022-03-01T15:10:49+01:00\">1 March 2022<\/time><\/div>\n<\/li><\/ul><\/div>\n\n\n\n<p><\/p>\n","protected":false},"excerpt":{"rendered":"<p>Analyser les faits qui animent l&#8217;actualit\u00e9, s&#8217;\u00e9tonner de la vie quotidienne, questionner le monde qui nous entoure, la philosophie peut-elle nous \u00eatre utile \u00e0 la vie ?<\/p>\n","protected":false},"author":1,"featured_media":0,"parent":0,"menu_order":0,"comment_status":"closed","ping_status":"closed","template":"","meta":{"om_disable_all_campaigns":false,"_monsterinsights_skip_tracking":false,"_monsterinsights_sitenote_active":false,"_monsterinsights_sitenote_note":"","_monsterinsights_sitenote_category":0,"footnotes":""},"class_list":["post-506","page","type-page","status-publish","hentry"],"aioseo_notices":[],"jetpack_sharing_enabled":true,"jetpack_likes_enabled":true,"jetpack_shortlink":"https:\/\/wp.me\/PdsdKK-8a","_links":{"self":[{"href":"https:\/\/didierleprof.com\/index.php?rest_route=\/wp\/v2\/pages\/506","targetHints":{"allow":["GET"]}}],"collection":[{"href":"https:\/\/didierleprof.com\/index.php?rest_route=\/wp\/v2\/pages"}],"about":[{"href":"https:\/\/didierleprof.com\/index.php?rest_route=\/wp\/v2\/types\/page"}],"author":[{"embeddable":true,"href":"https:\/\/didierleprof.com\/index.php?rest_route=\/wp\/v2\/users\/1"}],"replies":[{"embeddable":true,"href":"https:\/\/didierleprof.com\/index.php?rest_route=%2Fwp%2Fv2%2Fcomments&post=506"}],"version-history":[{"count":7,"href":"https:\/\/didierleprof.com\/index.php?rest_route=\/wp\/v2\/pages\/506\/revisions"}],"predecessor-version":[{"id":853,"href":"https:\/\/didierleprof.com\/index.php?rest_route=\/wp\/v2\/pages\/506\/revisions\/853"}],"wp:attachment":[{"href":"https:\/\/didierleprof.com\/index.php?rest_route=%2Fwp%2Fv2%2Fmedia&parent=506"}],"curies":[{"name":"wp","href":"https:\/\/api.w.org\/{rel}","templated":true}]}}

Actualité critique

<blockquote class="wp-block-quote is-style-large is-layout-flow wp-block-quote-is-layout-flow"><p>Analyser les faits qui animent l&#8217;actualité, s&#8217;étonner de la vie quotidienne, questionner le monde qui nous entoure, la philosophie peut-elle nous être utile à la vie ?</p></blockquote>



<div class="wp-block-query is-layout-flow wp-block-query-is-layout-flow"><ul class="wp-block-post-template is-layout-flow wp-block-post-template-is-layout-flow"><li class="wp-block-post post-857 post type-post status-publish format-standard hentry category-actualite-critique tag-emploi tag-loisirs tag-philosophie tag-retraites tag-travail">
<h2 class="wp-block-post-title"><a href="https://didierleprof.com/?p=857" target="_self" >La question des retraites n&#8217;est-elle pas celle du travail ?</a></h2>



<div class="wp-block-post-excerpt has-background has-cyan-bluish-gray-background-color"><p class="wp-block-post-excerpt__excerpt">On dit tout et son contraire sur les retraites. Mais on dit, aussi, tout et son contraire sur le travail. La réforme qui s&#8217;annonce est l&#8217;occasion de réfléchir sur la [&hellip;] </p></div>


<hr class="wp-block-separator"/>


<div class="wp-block-post-date"><time datetime="2023-01-31T17:52:52+01:00">31 January 2023</time></div>
</li><li class="wp-block-post post-845 post type-post status-publish format-standard hentry category-actualite-critique tag-dialogue tag-didierleprof tag-folie tag-philosophie">
<h2 class="wp-block-post-title"><a href="https://didierleprof.com/?p=845" target="_self" >Extraire la folie de l&#8217;autre ?</a></h2>



<div class="wp-block-post-excerpt has-background has-cyan-bluish-gray-background-color"><p class="wp-block-post-excerpt__excerpt">Nos sociétés se psychologisent de plus en plus. Partout, il s&#8217;agit de transférer ce qui devrait être du ressort de l&#8217;action collective, politique, sociale, morale, vers un rapport à soi-même, [&hellip;] </p></div>


<hr class="wp-block-separator"/>


<div class="wp-block-post-date"><time datetime="2022-03-30T11:30:09+02:00">30 March 2022</time></div>
</li><li class="wp-block-post post-801 post type-post status-publish format-standard hentry category-actualite-critique tag-dignite tag-guerre tag-humanite tag-paix">
<h2 class="wp-block-post-title"><a href="https://didierleprof.com/?p=801" target="_self" >Peut-on penser la guerre ?</a></h2>



<div class="wp-block-post-excerpt has-background has-cyan-bluish-gray-background-color"><p class="wp-block-post-excerpt__excerpt">Dire des banalités sur la guerre est assez facile. Mais y penser vraiment, est-ce possible ? Il est de bon ton de l&#8217;opposer à la paix et de considérer que si la guerre est la pire des choses, la paix serait la meilleure. Ainsi donc, il faudrait vouloir la paix à tout prix. Mais peut-on vouloir la paix&hellip; </p></div>


<hr class="wp-block-separator"/>


<div class="wp-block-post-date"><time datetime="2022-03-01T15:10:49+01:00">1 March 2022</time></div>
</li></ul></div>



<p></p>

<p>Analyser les faits qui animent l&#8217;actualité, s&#8217;étonner de la vie quotidienne, questionner le monde qui nous entoure, la philosophie peut-elle nous être utile à la vie ?</p>
