{"id":441,"date":"2021-11-21T11:49:34","date_gmt":"2021-11-21T10:49:34","guid":{"rendered":"https:\/\/didierleprof.com\/?page_id=441"},"modified":"2021-12-22T14:17:32","modified_gmt":"2021-12-22T13:17:32","slug":"la-%cf%86-du-quotidien","status":"publish","type":"page","link":"https:\/\/didierleprof.com\/?page_id=441","title":{"rendered":"La \u03c6 du quotidien"},"content":{"rendered":"\n<p>Philosopher, ce n&#8217;est pas \u00eatre hors du monde. La philosophie c&#8217;est aussi cette m\u00e9thode, cette posture qui nous permet d&#8217;appr\u00e9hender le monde d&#8217;une autre fa\u00e7on, de ne pas se contenter de l&#8217;\u00e9vidence et de la pens\u00e9e commune. La philo du quotidien se propose donc, de temps en temps, quand l&#8217;actualit\u00e9 et l&#8217;occasion se pr\u00e9senteront, d&#8217;<a href=\"https:\/\/didierleprof.com\/?page_id=506\" target=\"_blank\" rel=\"noreferrer noopener\">analyser ce qui fait  l&#8217;actualit\u00e9<\/a>. Mais c&#8217;est aussi le moyen de s&#8217;exercer chaque semaine \u00e0 la philosophie <a href=\"https:\/\/didierleprof.com\/?page_id=500\" target=\"_blank\" rel=\"noreferrer noopener\">en se confrontant aux questions de la semaine<\/a>.<\/p>\n\n\n\n<div class=\"wp-block-buttons is-layout-flex wp-block-buttons-is-layout-flex\">\n<div class=\"wp-block-button\"><a class=\"wp-block-button__link has-vivid-red-background-color has-background\" href=\"https:\/\/didierleprof.com\/?page_id=500\" target=\"_blank\" rel=\"noreferrer noopener\">La question de la semaine<\/a><\/div>\n<\/div>\n\n\n\n<div class=\"wp-block-buttons is-layout-flex wp-block-buttons-is-layout-flex\">\n<div class=\"wp-block-button\"><a class=\"wp-block-button__link has-vivid-red-background-color has-background\" href=\"https:\/\/didierleprof.com\/?page_id=506\" target=\"_blank\" rel=\"noreferrer noopener\">Actualit\u00e9 critique<\/a><\/div>\n<\/div>\n\n\n\n<p><\/p>\n","protected":false},"excerpt":{"rendered":"<p>Philosopher, ce n&#8217;est pas \u00eatre hors du monde. La philosophie c&#8217;est aussi cette m\u00e9thode, cette posture qui nous permet d&#8217;appr\u00e9hender le monde d&#8217;une autre fa\u00e7on, de ne pas se contenter [&hellip;]<\/p>\n","protected":false},"author":1,"featured_media":0,"parent":0,"menu_order":0,"comment_status":"closed","ping_status":"closed","template":"","meta":{"om_disable_all_campaigns":false,"_monsterinsights_skip_tracking":false,"_monsterinsights_sitenote_active":false,"_monsterinsights_sitenote_note":"","_monsterinsights_sitenote_category":0,"footnotes":""},"class_list":["post-441","page","type-page","status-publish","hentry"],"aioseo_notices":[],"jetpack_sharing_enabled":true,"jetpack_likes_enabled":true,"jetpack_shortlink":"https:\/\/wp.me\/PdsdKK-77","_links":{"self":[{"href":"https:\/\/didierleprof.com\/index.php?rest_route=\/wp\/v2\/pages\/441","targetHints":{"allow":["GET"]}}],"collection":[{"href":"https:\/\/didierleprof.com\/index.php?rest_route=\/wp\/v2\/pages"}],"about":[{"href":"https:\/\/didierleprof.com\/index.php?rest_route=\/wp\/v2\/types\/page"}],"author":[{"embeddable":true,"href":"https:\/\/didierleprof.com\/index.php?rest_route=\/wp\/v2\/users\/1"}],"replies":[{"embeddable":true,"href":"https:\/\/didierleprof.com\/index.php?rest_route=%2Fwp%2Fv2%2Fcomments&post=441"}],"version-history":[{"count":4,"href":"https:\/\/didierleprof.com\/index.php?rest_route=\/wp\/v2\/pages\/441\/revisions"}],"predecessor-version":[{"id":625,"href":"https:\/\/didierleprof.com\/index.php?rest_route=\/wp\/v2\/pages\/441\/revisions\/625"}],"wp:attachment":[{"href":"https:\/\/didierleprof.com\/index.php?rest_route=%2Fwp%2Fv2%2Fmedia&parent=441"}],"curies":[{"name":"wp","href":"https:\/\/api.w.org\/{rel}","templated":true}]}}

La φ du quotidien

<p>Philosopher, ce n&#8217;est pas être hors du monde. La philosophie c&#8217;est aussi cette méthode, cette posture qui nous permet d&#8217;appréhender le monde d&#8217;une autre façon, de ne pas se contenter de l&#8217;évidence et de la pensée commune. La philo du quotidien se propose donc, de temps en temps, quand l&#8217;actualité et l&#8217;occasion se présenteront, d&#8217;<a href="https://didierleprof.com/?page_id=506" target="_blank" rel="noreferrer noopener">analyser ce qui fait  l&#8217;actualité</a>. Mais c&#8217;est aussi le moyen de s&#8217;exercer chaque semaine à la philosophie <a href="https://didierleprof.com/?page_id=500" target="_blank" rel="noreferrer noopener">en se confrontant aux questions de la semaine</a>.</p>



<div class="wp-block-buttons is-layout-flex wp-block-buttons-is-layout-flex">
<div class="wp-block-button"><a class="wp-block-button__link has-vivid-red-background-color has-background" href="https://didierleprof.com/?page_id=500" target="_blank" rel="noreferrer noopener">La question de la semaine</a></div>
</div>



<div class="wp-block-buttons is-layout-flex wp-block-buttons-is-layout-flex">
<div class="wp-block-button"><a class="wp-block-button__link has-vivid-red-background-color has-background" href="https://didierleprof.com/?page_id=506" target="_blank" rel="noreferrer noopener">Actualité critique</a></div>
</div>



<p></p>

<p>Philosopher, ce n&#8217;est pas être hors du monde. La philosophie c&#8217;est aussi cette méthode, cette posture qui nous permet d&#8217;appréhender le monde d&#8217;une autre façon, de ne pas se contenter [&hellip;]</p>
