{"id":430,"date":"2021-11-21T11:36:49","date_gmt":"2021-11-21T10:36:49","guid":{"rendered":"https:\/\/didierleprof.com\/?page_id=430"},"modified":"2021-12-22T20:41:27","modified_gmt":"2021-12-22T19:41:27","slug":"la-%cf%95-en-ligne","status":"publish","type":"page","link":"https:\/\/didierleprof.com\/?page_id=430","title":{"rendered":"La \u03c6 en ligne"},"content":{"rendered":"\n<blockquote class=\"wp-block-quote is-style-large is-layout-flow wp-block-quote-is-layout-flow\"><p>Cette rubrique regroupe toutes les activit\u00e9s philosophiques \u00e0 distance.<\/p><\/blockquote>\n\n\n\n<h2 class=\"has-white-color has-black-background-color has-text-color has-background wp-block-heading\"><span class=\"has-inline-color has-white-color\">Vous souhaitez prendre des cours collectifs ou individuels en visio ?<\/span><\/h2>\n\n\n\n<div class=\"wp-block-buttons is-layout-flex wp-block-buttons-is-layout-flex\">\n<div class=\"wp-block-button\"><a class=\"wp-block-button__link has-vivid-red-background-color has-background\" href=\"https:\/\/didierleprof.com\/?page_id=230\">C&#8217;est par l\u00e0<\/a><\/div>\n<\/div>\n\n\n\n<h2 class=\"has-white-color has-black-background-color has-text-color has-background wp-block-heading\"><span class=\"has-inline-color has-white-color\">Vous souhaitez r\u00e9fl\u00e9chir sur des concepts ?<\/span><\/h2>\n\n\n\n<div class=\"wp-block-buttons is-layout-flex wp-block-buttons-is-layout-flex\">\n<div class=\"wp-block-button is-style-fill\"><a class=\"wp-block-button__link has-vivid-red-background-color has-background\" href=\"https:\/\/didierleprof.com\/?page_id=54\">C&#8217;est par ici<\/a><\/div>\n<\/div>\n\n\n\n<h2 class=\"has-black-background-color has-background wp-block-heading\"><span class=\"has-inline-color has-white-color\">Vous souhaitez questionner le quotidien et l&#8217;actualit\u00e9 ?<\/span><\/h2>\n\n\n\n<div class=\"wp-block-buttons is-layout-flex wp-block-buttons-is-layout-flex\">\n<div class=\"wp-block-button\"><a class=\"wp-block-button__link has-vivid-red-background-color has-background\" href=\"https:\/\/didierleprof.com\/?page_id=441\">Alors c&#8217;est l\u00e0 !<\/a><\/div>\n<\/div>\n\n\n\n<p><\/p>\n","protected":false},"excerpt":{"rendered":"<p>Cette rubrique regroupe toutes les activit\u00e9s philosophiques \u00e0 distance. Vous souhaitez prendre des cours collectifs ou individuels en visio ? Vous souhaitez r\u00e9fl\u00e9chir sur des concepts ? Vous souhaitez questionner [&hellip;]<\/p>\n","protected":false},"author":1,"featured_media":0,"parent":0,"menu_order":0,"comment_status":"closed","ping_status":"closed","template":"","meta":{"om_disable_all_campaigns":false,"_monsterinsights_skip_tracking":false,"_monsterinsights_sitenote_active":false,"_monsterinsights_sitenote_note":"","_monsterinsights_sitenote_category":0,"footnotes":""},"class_list":["post-430","page","type-page","status-publish","hentry"],"aioseo_notices":[],"jetpack_sharing_enabled":true,"jetpack_likes_enabled":true,"jetpack_shortlink":"https:\/\/wp.me\/PdsdKK-6W","_links":{"self":[{"href":"https:\/\/didierleprof.com\/index.php?rest_route=\/wp\/v2\/pages\/430","targetHints":{"allow":["GET"]}}],"collection":[{"href":"https:\/\/didierleprof.com\/index.php?rest_route=\/wp\/v2\/pages"}],"about":[{"href":"https:\/\/didierleprof.com\/index.php?rest_route=\/wp\/v2\/types\/page"}],"author":[{"embeddable":true,"href":"https:\/\/didierleprof.com\/index.php?rest_route=\/wp\/v2\/users\/1"}],"replies":[{"embeddable":true,"href":"https:\/\/didierleprof.com\/index.php?rest_route=%2Fwp%2Fv2%2Fcomments&post=430"}],"version-history":[{"count":10,"href":"https:\/\/didierleprof.com\/index.php?rest_route=\/wp\/v2\/pages\/430\/revisions"}],"predecessor-version":[{"id":673,"href":"https:\/\/didierleprof.com\/index.php?rest_route=\/wp\/v2\/pages\/430\/revisions\/673"}],"wp:attachment":[{"href":"https:\/\/didierleprof.com\/index.php?rest_route=%2Fwp%2Fv2%2Fmedia&parent=430"}],"curies":[{"name":"wp","href":"https:\/\/api.w.org\/{rel}","templated":true}]}}