{"id":340,"date":"2021-11-17T17:31:59","date_gmt":"2021-11-17T16:31:59","guid":{"rendered":"https:\/\/didierleprof.com\/?page_id=340"},"modified":"2021-12-26T10:35:26","modified_gmt":"2021-12-26T09:35:26","slug":"les-cours-2","status":"publish","type":"page","link":"https:\/\/didierleprof.com\/?page_id=340","title":{"rendered":"Les cours"},"content":{"rendered":"\n<p>Si vous souhaitez vous initier \u00e0 la philosophie dans un \u00e9change vivant et convivial, les cours les yeux dans les yeux sont faits pour vous.<\/p>\n\n\n\n<p>Vous pouvez adapter vos cours \u00e0 votre rythme en choisissant vos th\u00e9matiques pour les cours individuels et, pour les cours collectifs, des cycles de 8 heures sur 4 semaines, 16 heures sur 2 mois ou 24 heures sur un trimestre, soit des s\u00e9quences de 2 heures par semaine.<\/p>\n\n\n\n<p>Mais vous pouvez aussi choisir une formation plus concentr\u00e9e de 8 heures en 4 jours, 16 heures en 8 jours ou 24 heures sur 10 jours.<\/p>\n\n\n\n<p>Chaque cours est accompagn\u00e9 d&#8217;un corpus de textes qui seront le support de la r\u00e9flexion et vous aurez, \u00e0 l&#8217;issue du cycle, un r\u00e9sum\u00e9 complet des analyses.<\/p>\n\n\n\n<p>Vous souhaitez participer aux cours ? Suivez le guide !<\/p>\n\n\n\n<div class=\"wp-block-columns is-layout-flex wp-container-core-columns-is-layout-9d6595d7 wp-block-columns-is-layout-flex\">\n<div class=\"wp-block-column is-layout-flow wp-block-column-is-layout-flow\" style=\"flex-basis:100%\">\n<div class=\"wp-block-buttons is-layout-flex wp-block-buttons-is-layout-flex\">\n<div class=\"wp-block-button\"><a class=\"wp-block-button__link has-vivid-red-background-color has-background\" href=\"https:\/\/didierleprof.com\/?page_id=344\" target=\"_blank\" rel=\"noreferrer noopener\">Les cours collectifs<\/a><\/div>\n\n\n\n<div class=\"wp-block-button\"><a class=\"wp-block-button__link has-vivid-red-background-color has-background\" href=\"https:\/\/didierleprof.com\/?page_id=238\" target=\"_blank\" rel=\"noreferrer noopener\">Les cours individuels<\/a><\/div>\n<\/div>\n<\/div>\n<\/div>\n\n\n\n<p><\/p>\n","protected":false},"excerpt":{"rendered":"<p>Si vous souhaitez vous initier \u00e0 la philosophie dans un \u00e9change vivant et convivial, les cours les yeux dans les yeux sont faits pour vous. Vous pouvez adapter vos cours [&hellip;]<\/p>\n","protected":false},"author":1,"featured_media":0,"parent":0,"menu_order":0,"comment_status":"closed","ping_status":"closed","template":"","meta":{"om_disable_all_campaigns":false,"_monsterinsights_skip_tracking":false,"_monsterinsights_sitenote_active":false,"_monsterinsights_sitenote_note":"","_monsterinsights_sitenote_category":0,"footnotes":""},"class_list":["post-340","page","type-page","status-publish","hentry"],"aioseo_notices":[],"jetpack_sharing_enabled":true,"jetpack_likes_enabled":true,"jetpack_shortlink":"https:\/\/wp.me\/PdsdKK-5u","_links":{"self":[{"href":"https:\/\/didierleprof.com\/index.php?rest_route=\/wp\/v2\/pages\/340","targetHints":{"allow":["GET"]}}],"collection":[{"href":"https:\/\/didierleprof.com\/index.php?rest_route=\/wp\/v2\/pages"}],"about":[{"href":"https:\/\/didierleprof.com\/index.php?rest_route=\/wp\/v2\/types\/page"}],"author":[{"embeddable":true,"href":"https:\/\/didierleprof.com\/index.php?rest_route=\/wp\/v2\/users\/1"}],"replies":[{"embeddable":true,"href":"https:\/\/didierleprof.com\/index.php?rest_route=%2Fwp%2Fv2%2Fcomments&post=340"}],"version-history":[{"count":7,"href":"https:\/\/didierleprof.com\/index.php?rest_route=\/wp\/v2\/pages\/340\/revisions"}],"predecessor-version":[{"id":730,"href":"https:\/\/didierleprof.com\/index.php?rest_route=\/wp\/v2\/pages\/340\/revisions\/730"}],"wp:attachment":[{"href":"https:\/\/didierleprof.com\/index.php?rest_route=%2Fwp%2Fv2%2Fmedia&parent=340"}],"curies":[{"name":"wp","href":"https:\/\/api.w.org\/{rel}","templated":true}]}}

<p>Si vous souhaitez vous initier à la philosophie dans un échange vivant et convivial, les cours les yeux dans les yeux sont faits pour vous.</p>



<p>Vous pouvez adapter vos cours à votre rythme en choisissant vos thématiques pour les cours individuels et, pour les cours collectifs, des cycles de 8 heures sur 4 semaines, 16 heures sur 2 mois ou 24 heures sur un trimestre, soit des séquences de 2 heures par semaine.</p>



<p>Mais vous pouvez aussi choisir une formation plus concentrée de 8 heures en 4 jours, 16 heures en 8 jours ou 24 heures sur 10 jours.</p>



<p>Chaque cours est accompagné d&#8217;un corpus de textes qui seront le support de la réflexion et vous aurez, à l&#8217;issue du cycle, un résumé complet des analyses.</p>



<p>Vous souhaitez participer aux cours ? Suivez le guide !</p>



<div class="wp-block-columns is-layout-flex wp-container-core-columns-is-layout-9d6595d7 wp-block-columns-is-layout-flex">
<div class="wp-block-column is-layout-flow wp-block-column-is-layout-flow" style="flex-basis:100%">
<div class="wp-block-buttons is-layout-flex wp-block-buttons-is-layout-flex">
<div class="wp-block-button"><a class="wp-block-button__link has-vivid-red-background-color has-background" href="https://didierleprof.com/?page_id=344" target="_blank" rel="noreferrer noopener">Les cours collectifs</a></div>



<div class="wp-block-button"><a class="wp-block-button__link has-vivid-red-background-color has-background" href="https://didierleprof.com/?page_id=238" target="_blank" rel="noreferrer noopener">Les cours individuels</a></div>
</div>
</div>
</div>



<p></p>

<p>Si vous souhaitez vous initier à la philosophie dans un échange vivant et convivial, les cours les yeux dans les yeux sont faits pour vous. Vous pouvez adapter vos cours [&hellip;]</p>
