{"id":230,"date":"2021-11-05T16:11:54","date_gmt":"2021-11-05T15:11:54","guid":{"rendered":"https:\/\/didierleprof.com\/?page_id=230"},"modified":"2021-12-26T10:30:59","modified_gmt":"2021-12-26T09:30:59","slug":"les-cours","status":"publish","type":"page","link":"https:\/\/didierleprof.com\/?page_id=230","title":{"rendered":"Les cours en visio"},"content":{"rendered":"\n<p>Si vous souhaitez vous initier \u00e0 la philosophie ou approfondir vos connaissances sans vous d\u00e9placer, les cours en visio sont faits pour vous.<\/p>\n\n\n\n<p>Vous pouvez adapter vos cours \u00e0 votre rythme en choisissant vos th\u00e9matiques pour les cours individuels et des cycles de 8 heures sur 4 semaines, 16 heures sur 2 mois ou 24 heures sur un trimestre, soit des s\u00e9quences de 2 heures par semaine, pour les cours collectifs.<\/p>\n\n\n\n<p>Chaque cours est accompagn\u00e9 d&#8217;un corpus de textes qui seront le support de la r\u00e9flexion et vous aurez, \u00e0 l&#8217;issue du cycle, un r\u00e9sum\u00e9 complet des analyses.<\/p>\n\n\n\n<div class=\"wp-block-buttons is-layout-flex wp-block-buttons-is-layout-flex\">\n<div class=\"wp-block-button\"><a class=\"wp-block-button__link has-vivid-red-background-color has-background\" href=\"https:\/\/didierleprof.com\/?page_id=325\" target=\"_blank\" rel=\"noreferrer noopener\">Les cours collectifs<\/a><\/div>\n\n\n\n<div class=\"wp-block-button is-style-fill\"><a class=\"wp-block-button__link has-vivid-red-background-color has-background\" href=\"https:\/\/didierleprof.com\/?page_id=233\" target=\"_blank\" rel=\"noreferrer noopener\">Les cours individuels<\/a><\/div>\n<\/div>\n\n\n\n<p><\/p>\n","protected":false},"excerpt":{"rendered":"<p>Si vous souhaitez vous initier \u00e0 la philosophie ou approfondir vos connaissances sans vous d\u00e9placer, les cours en visio sont faits pour vous. Vous pouvez adapter vos cours \u00e0 votre [&hellip;]<\/p>\n","protected":false},"author":1,"featured_media":0,"parent":0,"menu_order":0,"comment_status":"closed","ping_status":"closed","template":"","meta":{"om_disable_all_campaigns":false,"_monsterinsights_skip_tracking":false,"_monsterinsights_sitenote_active":false,"_monsterinsights_sitenote_note":"","_monsterinsights_sitenote_category":0,"footnotes":""},"class_list":["post-230","page","type-page","status-publish","hentry"],"aioseo_notices":[],"jetpack_sharing_enabled":true,"jetpack_likes_enabled":true,"jetpack_shortlink":"https:\/\/wp.me\/PdsdKK-3I","_links":{"self":[{"href":"https:\/\/didierleprof.com\/index.php?rest_route=\/wp\/v2\/pages\/230","targetHints":{"allow":["GET"]}}],"collection":[{"href":"https:\/\/didierleprof.com\/index.php?rest_route=\/wp\/v2\/pages"}],"about":[{"href":"https:\/\/didierleprof.com\/index.php?rest_route=\/wp\/v2\/types\/page"}],"author":[{"embeddable":true,"href":"https:\/\/didierleprof.com\/index.php?rest_route=\/wp\/v2\/users\/1"}],"replies":[{"embeddable":true,"href":"https:\/\/didierleprof.com\/index.php?rest_route=%2Fwp%2Fv2%2Fcomments&post=230"}],"version-history":[{"count":12,"href":"https:\/\/didierleprof.com\/index.php?rest_route=\/wp\/v2\/pages\/230\/revisions"}],"predecessor-version":[{"id":723,"href":"https:\/\/didierleprof.com\/index.php?rest_route=\/wp\/v2\/pages\/230\/revisions\/723"}],"wp:attachment":[{"href":"https:\/\/didierleprof.com\/index.php?rest_route=%2Fwp%2Fv2%2Fmedia&parent=230"}],"curies":[{"name":"wp","href":"https:\/\/api.w.org\/{rel}","templated":true}]}}