{"id":153,"date":"2021-10-17T15:28:03","date_gmt":"2021-10-17T13:28:03","guid":{"rendered":"https:\/\/didierleprof.com\/?page_id=153"},"modified":"2021-12-22T21:16:33","modified_gmt":"2021-12-22T20:16:33","slug":"la-philo-les-yeux-dans-les-yeux","status":"publish","type":"page","link":"https:\/\/didierleprof.com\/?page_id=153","title":{"rendered":"La \u03c6 les yeux dans les yeux"},"content":{"rendered":"\n<h2 class=\"has-white-color has-black-background-color has-text-color has-background wp-block-heading\"><span class=\"has-inline-color has-white-color\">Vous souhaitez suivre des cours collectifs ou individuels pr\u00e8s de chez vous ?<\/span><\/h2>\n\n\n\n<div class=\"wp-block-buttons is-layout-flex wp-block-buttons-is-layout-flex\">\n<div class=\"wp-block-button\"><a class=\"wp-block-button__link has-white-color has-vivid-red-background-color has-text-color has-background\" href=\"https:\/\/didierleprof.com\/?page_id=340\">C&#8217;est par ici<\/a><\/div>\n<\/div>\n\n\n\n<h2 class=\"has-vivid-red-color has-black-background-color has-text-color has-background wp-block-heading\"><span class=\"has-inline-color has-white-color\">Vous voulez organiser un caf\u00e9 philo dans votre \u00e9tablissement ?<\/span><\/h2>\n\n\n\n<div class=\"wp-block-buttons is-layout-flex wp-block-buttons-is-layout-flex\">\n<div class=\"wp-block-button\"><a class=\"wp-block-button__link has-vivid-red-background-color has-background\" href=\"https:\/\/didierleprof.com\/?page_id=99\">Regardez l\u00e0<\/a><\/div>\n<\/div>\n\n\n\n<h2 class=\"has-vivid-red-color has-black-background-color has-text-color has-background wp-block-heading\"><span class=\"has-inline-color has-white-color\">Vous voulez former un groupe de personnes pour am\u00e9liorer les conditions du dialogue et d\u00e9velopper les techniques d&#8217;argumentation ou redonner du sens \u00e0 la pens\u00e9e ?<\/span><\/h2>\n\n\n\n<div class=\"wp-block-buttons is-layout-flex wp-block-buttons-is-layout-flex\">\n<div class=\"wp-block-button\"><a class=\"wp-block-button__link has-vivid-red-background-color has-background\" href=\"https:\/\/didierleprof.com\/?page_id=101\">Cliquez ici<\/a><\/div>\n<\/div>\n\n\n\n<h2 class=\"has-white-color has-black-background-color has-text-color has-background wp-block-heading\"><span class=\"has-inline-color has-white-color\">Vous cherchez un conf\u00e9rencier pour une analyse philosophique pr\u00e9cise ?<\/span><\/h2>\n\n\n\n<div class=\"wp-block-buttons is-layout-flex wp-block-buttons-is-layout-flex\">\n<div class=\"wp-block-button\"><a class=\"wp-block-button__link has-vivid-red-background-color has-background\" href=\"https:\/\/didierleprof.com\/?page_id=103\">Suivez ce lien<\/a><\/div>\n<\/div>\n","protected":false},"excerpt":{"rendered":"<p>Vous souhaitez suivre des cours collectifs ou individuels pr\u00e8s de chez vous ? Vous voulez organiser un caf\u00e9 philo dans votre \u00e9tablissement ? Vous voulez former un groupe de personnes [&hellip;]<\/p>\n","protected":false},"author":1,"featured_media":0,"parent":0,"menu_order":0,"comment_status":"closed","ping_status":"closed","template":"","meta":{"om_disable_all_campaigns":false,"_monsterinsights_skip_tracking":false,"_monsterinsights_sitenote_active":false,"_monsterinsights_sitenote_note":"","_monsterinsights_sitenote_category":0,"footnotes":""},"class_list":["post-153","page","type-page","status-publish","hentry"],"aioseo_notices":[],"jetpack_sharing_enabled":true,"jetpack_likes_enabled":true,"jetpack_shortlink":"https:\/\/wp.me\/PdsdKK-2t","_links":{"self":[{"href":"https:\/\/didierleprof.com\/index.php?rest_route=\/wp\/v2\/pages\/153","targetHints":{"allow":["GET"]}}],"collection":[{"href":"https:\/\/didierleprof.com\/index.php?rest_route=\/wp\/v2\/pages"}],"about":[{"href":"https:\/\/didierleprof.com\/index.php?rest_route=\/wp\/v2\/types\/page"}],"author":[{"embeddable":true,"href":"https:\/\/didierleprof.com\/index.php?rest_route=\/wp\/v2\/users\/1"}],"replies":[{"embeddable":true,"href":"https:\/\/didierleprof.com\/index.php?rest_route=%2Fwp%2Fv2%2Fcomments&post=153"}],"version-history":[{"count":11,"href":"https:\/\/didierleprof.com\/index.php?rest_route=\/wp\/v2\/pages\/153\/revisions"}],"predecessor-version":[{"id":686,"href":"https:\/\/didierleprof.com\/index.php?rest_route=\/wp\/v2\/pages\/153\/revisions\/686"}],"wp:attachment":[{"href":"https:\/\/didierleprof.com\/index.php?rest_route=%2Fwp%2Fv2%2Fmedia&parent=153"}],"curies":[{"name":"wp","href":"https:\/\/api.w.org\/{rel}","templated":true}]}}

La φ les yeux dans les yeux

<h2 class="has-white-color has-black-background-color has-text-color has-background wp-block-heading"><span class="has-inline-color has-white-color">Vous souhaitez suivre des cours collectifs ou individuels près de chez vous ?</span></h2>



<div class="wp-block-buttons is-layout-flex wp-block-buttons-is-layout-flex">
<div class="wp-block-button"><a class="wp-block-button__link has-white-color has-vivid-red-background-color has-text-color has-background" href="https://didierleprof.com/?page_id=340">C&#8217;est par ici</a></div>
</div>



<h2 class="has-vivid-red-color has-black-background-color has-text-color has-background wp-block-heading"><span class="has-inline-color has-white-color">Vous voulez organiser un café philo dans votre établissement ?</span></h2>



<div class="wp-block-buttons is-layout-flex wp-block-buttons-is-layout-flex">
<div class="wp-block-button"><a class="wp-block-button__link has-vivid-red-background-color has-background" href="https://didierleprof.com/?page_id=99">Regardez là</a></div>
</div>



<h2 class="has-vivid-red-color has-black-background-color has-text-color has-background wp-block-heading"><span class="has-inline-color has-white-color">Vous voulez former un groupe de personnes pour améliorer les conditions du dialogue et développer les techniques d&#8217;argumentation ou redonner du sens à la pensée ?</span></h2>



<div class="wp-block-buttons is-layout-flex wp-block-buttons-is-layout-flex">
<div class="wp-block-button"><a class="wp-block-button__link has-vivid-red-background-color has-background" href="https://didierleprof.com/?page_id=101">Cliquez ici</a></div>
</div>



<h2 class="has-white-color has-black-background-color has-text-color has-background wp-block-heading"><span class="has-inline-color has-white-color">Vous cherchez un conférencier pour une analyse philosophique précise ?</span></h2>



<div class="wp-block-buttons is-layout-flex wp-block-buttons-is-layout-flex">
<div class="wp-block-button"><a class="wp-block-button__link has-vivid-red-background-color has-background" href="https://didierleprof.com/?page_id=103">Suivez ce lien</a></div>
</div>

<p>Vous souhaitez suivre des cours collectifs ou individuels près de chez vous ? Vous voulez organiser un café philo dans votre établissement ? Vous voulez former un groupe de personnes [&hellip;]</p>
